e 3*j - 14 = -4*q, 4*q + j = -q + 12. Suppose g = 6*n - 5*n + 6802, 13605 = q*g - n. Is g a composite number?
False
Suppose 4*l + 4 = 3*j - 20, 5*l = 4*j - 31. Let d be ((-6)/(-2))/(l/(-13)). Suppose d*g - 11*g = 310. Is g a prime number?
False
Suppose 5*k - 20562 = -3*n + 24488, -3*k = 2*n - 30033. Suppose 2*y - 13775 = -3*u, n - 1250 = 3*u + 4*y. Is u prime?
False
Let t = 108 - -38. Let h(v) = -13 + 189*v + t*v - 35*v. Is h(3) a composite number?
False
Let f be (-22)/(-4)*(-44 - (-18 + 8)). Let d = 780 - f. Is d prime?
True
Suppose 0 = v + 5*x - 4, -3*x - 7 = -4*v + 101. Let a = 28 - v. Is -4*3/6*(-502)/a a composite number?
False
Let u(f) = 13*f - 25*f + 10*f**2 - 8*f**2 + 3. Let g be u(6). Suppose g*a - 40 = -2*a + 5*y, 0 = -3*a + y + 30. Is a a composite number?
False
Let k(i) = 8*i**2 - 10*i + 11. Let j be k(1). Suppose j*z - 87458 = -5*z. Is z a composite number?
False
Let y(p) = p**3 - p**2 - 7*p. Let t be y(-2). Suppose 30180 = 2*d + t*r, -d - 5*r = -3*d + 30215. Is d prime?
False
Let x(p) = -24*p. Let w(m) = -95*m. Let t(r) = -4*w(r) + 18*x(r). Let z be t(-3). Let y = z - 98. Is y prime?
False
Suppose 5*i - 20*a = -19*a + 364294, i = -a + 72860. Is i a composite number?
False
Let m(r) = -8*r**3 + 26*r**2 - 98*r + 1013. Is m(-49) a composite number?
False
Let w = -1020445 + 2052612. Suppose -39*s + w = 8*s. Is s a prime number?
True
Suppose 5*a + 454 = 3*c, -4*a = 3*c - 2*c + 370. Let n = -71 - a. Suppose n*m - 19*m - 5666 = 0. Is m a prime number?
True
Suppose r = 2, -159234 = -2*o + 245*r - 249*r. Is o a composite number?
False
Let r = 152290 - 91949. Is r prime?
False
Let y(k) = 1578*k**2 - 18*k - 71. Is y(-10) composite?
True
Let p(l) = l**2 + 40*l - 101. Let t be p(-36). Let r = t - -1182. Is r prime?
True
Is 111573220/115 - 304/(-3496) prime?
False
Let x(p) = -2*p**2 - 9*p + 22. Let s(b) = b**2 + 8*b - 21. Let t(j) = -6*s(j) - 5*x(j). Suppose -28 = 7*z - 11*z. Is t(z) composite?
False
Let w(l) = 8*l - 1. Let y be w(1). Suppose 5*x - 25 = 0, 4*x - 7*x - 30505 = -5*c. Suppose -c = -y*j + 1974. Is j composite?
True
Is (-32644)/(-3)*(660/48 - 13) a prime number?
True
Suppose 0 = -5*t - 20 - 25. Let u(a) = a**2 + 6*a - 27. Let s be u(t). Is -26*1*-1 + s composite?
True
Let p(n) = 522*n + 29. Let r be 22/10*(-2 - (5 + -12)). Is p(r) a composite number?
True
Let f(t) = -370*t**3 - 68*t**2 - 328*t - 27. Is f(-14) prime?
False
Let c(n) = -n**2 - 16*n + 4. Let l be c(-16). Suppose -24 = -l*m - 4*o, -2*m - 2*o - 2 = -7*m. Is (2 - m*12)*(-52)/8 a composite number?
True
Let z be ((-6)/(-4))/(1782/(-600) + 3). Let h = 54 - z. Suppose -h*s + 3548 = -0*s. Is s a composite number?
False
Suppose 2*w - 17 = -5*x, -x = 9 - 12. Let l(u) = 3 + 1 - 1089*u**2 + 2799*u**2 - 5*u. Is l(w) a composite number?
False
Let d = -334 - -335. Is 29/d*(11 - (-468)/6) a composite number?
True
Let o(c) = 1017*c**2 + 3*c - 4. Let i be o(-6). Suppose 9*a + a = i. Is a prime?
True
Suppose 45*z - 48*z + 136045 = b, -z = -8. Is b prime?
False
Suppose -121*y = -60*y - 50*y - 308473. Is y prime?
False
Suppose -27*s + 1515607 = -3075932. Is s a prime number?
True
Let s = 13624 + -4910. Let n = 12923 - s. Suppose -3*r + 5220 = -n. Is r prime?
False
Suppose 3*s - 2193 = 4311. Suppose n - i - 6454 = -2*n, n - s = -3*i. Is n prime?
True
Let a be 8 + (-54)/6 - -50983. Suppose 14*t = 8*t + a. Is t a prime number?
False
Let o(f) = -13*f**3 + 3*f**2 + 10*f + 6. Let n be o(-7). Suppose 2*k - 3438 = 2*j, -5*k + n = 5*j - 4053. Suppose -3*m = 282 - k. Is m prime?
True
Let n = -300 + 304. Suppose 6*k - 966 = n*k + 2*p, -1437 = -3*k - 3*p. Is k prime?
False
Suppose -5*q + 57391 = 2*u, 2*u - 3*q - 37288 = 20111. Suppose 281*x - 275*x - u = 0. Is x a prime number?
True
Let h = 23852 + -16813. Is h a composite number?
False
Suppose 12*n - 18 = -2*k + 9*n, 0 = 2*k + n - 10. Suppose 0 = -5*x - 5*s + 75145, 2*s = -k*x + 4*s + 45097. Is x composite?
False
Let k(h) = 23*h**3 + 2*h**2 - 3*h + 57. Let w(n) = -22*n**3 - 2*n**2 + 2*n - 55. Let o(s) = 2*k(s) + 3*w(s). Is o(-8) composite?
False
Suppose 0*m - m + 4*a = -8, 4*m - 3*a = 19. Suppose 3*i - m*i + 1811 = 0. Suppose 3*h - 454 + i = 2*g, 0 = -g - 4*h + 673. Is g composite?
False
Let k be (-1 + 3)*((-4129 - -1) + 1). Let z = 12885 + k. Is z a composite number?
True
Let a be (1*-4)/(6/(-30)) - 4. Let u = a - 22. Is u/24 - 9173/(-4) composite?
False
Let v(c) = -483*c - 318. Let a(h) = -161*h - 105. Let o(z) = -17*a(z) + 6*v(z). Is o(-20) a prime number?
False
Let n(o) = 4*o**2 - 47*o - 113. Let m be n(25). Is 4/(-3) - 143*m/(-36) a prime number?
True
Let a(m) = m**3 + 2*m**2 - 8*m + 6. Let r be a(-8). Let l be ((-50)/20)/(1/r). Is -3*(l/15)/(-1) a prime number?
True
Let i(o) = 5*o**2 + 28*o - 10. Let m be i(-6). Is 27 + (m + 0)/(-1) a composite number?
True
Let u = 126079 - 62112. Is u composite?
True
Let m(d) = 6*d**2 + 39*d - 17. Suppose 0 = 3*s - 22*s + 380. Let n be m(s). Suppose -3*q + 5*t = -0*q - n, -4*q + 4*t + 4228 = 0. Is q a composite number?
False
Suppose -5*c = 7 - 27, c = 3*j - 10889. Let o(t) = 161*t**2 + 3*t. Let g be o(-4). Let n = j - g. Is n a prime number?
False
Suppose u - 2359 = 4*g, 10*u + 571 = -g + 14*u. Is (g + 4)*(0 + 1)/(-1) a prime number?
True
Let b(g) = 1819*g + 4. Let d(w) be the first derivative of w**3/3 - 5*w**2/2 + 7*w + 15. Let f be d(3). Is b(f) composite?
False
Let q be (-8)/(-10) - (-30416)/80. Let s = q + -2. Is s a prime number?
True
Suppose -4*f - 31*w + 613984 = -26*w, f - 3*w = 153496. Suppose 297445 + f = 43*g. Is g prime?
True
Suppose -10*t = -15*t + 320. Suppose t*x - 66*x + 3158 = 0. Is x a composite number?
False
Let y = 337934 + -20033. Is y composite?
True
Let b(u) = 9*u - 71. Let f be b(8). Let p(i) = 3274*i**3 - 6*i + 6. Is p(f) composite?
True
Is 581454 + 1 - 1 - ((-625)/25 + 30) a prime number?
False
Let i = 12876 + -2239. Is i a prime number?
False
Let g = 1335 - -2615. Let h be (0 - (-2)/(-5))*-5. Suppose 4*d + w - g = 828, 5*d - h*w - 5979 = 0. Is d a composite number?
True
Suppose 6*r = -6*r - 74932 + 217288. Is r prime?
True
Let h(q) = 443*q - 40. Let d be (-28)/(-154) + 48/(-22). Let g(x) = -x**3 - x**2 - 2*x - 1. Let f be g(d). Is h(f) prime?
True
Let r(w) = -88034*w**2 - w**3 - 6 + 88035*w**2 - 3*w + 2*w. Let b(c) = c**2 + 5*c - 5. Let z be b(-5). Is r(z) prime?
True
Suppose -8*x = -20*x - 24. Is (-5 - (-66)/12)*(29000 - x) a composite number?
True
Let o be ((-30)/(-20))/(3/8). Let j(l) = -o - 2 - 4*l + 6 - 2 + 4*l**2. Is j(-6) composite?
True
Suppose 2*l - 13 = -3*v, 2*l + 5*v = 3*l. Suppose l*j + 3*i = 527, 3*j + 3*i + i - 314 = 0. Is j composite?
True
Is -1 - ((-86693 - 0) + 9) composite?
True
Let w(b) = -7*b**3 + 7*b + 7. Let a be w(-1). Suppose -37427 = -a*i + 42030. Is i composite?
False
Let x be ((-5*1)/1)/(8/(-34808)). Let s = 38551 - x. Suppose -3*z = -0*t - 5*t + 16792, -5*t - z = -s. Is t composite?
False
Let d = -47764 + 96567. Is d composite?
True
Let p be -3 + 20/4 - -18138. Let l = p - 7921. Is l prime?
False
Is (232318/3)/(738/1107) a composite number?
False
Let o = 751 - 749. Suppose -4*u = 5*b - 6712, -b = -o*u + 417 + 2925. Is u a composite number?
True
Suppose -736*d - 19445948 + 1904237 = -763*d. Is d prime?
False
Let u = 95844 - 59235. Is u prime?
False
Let x = -170 + 166. Is (-443815)/(-148) + (-1)/x composite?
False
Let a(y) be the third derivative of 29*y**5/30 - 3*y**4/8 - 2*y**3 - 227*y**2. Is a(5) a composite number?
True
Let q be (15 + (-207)/12)/((-3)/16). Suppose q*g - 4369 = 35. Is g prime?
True
Suppose -420*h = -417*h - 6. Suppose 0 = h*i - 3144 - 5394. Is i composite?
True
Suppose 0 = i + 2*c - 9461, 4*i - 47466 = -3*c - 9632. Suppose -o = f - 3157, -3*f = -0*f - 4*o - i. Suppose 2108 = 2*q - t, 3*q + 0*t = 5*t + f. Is q prime?
False
Suppose 3*r + 4*s = s + 451494, -3*r = -5*s - 451486. Is r prime?
True
Suppose -16*u = -54 - 42. Suppose 66634 = u*c - 6800. Is c composite?
False
Let o(b) = 6*b**3 - 4*b**2 + 4*b - 3. Let c = -3 + 7. Let h be (12/c - -1) + 1. Is o(h) prime?
False
Suppose 51*u - 3*l = 53*u - 328997, 493518 = 3*u - 3*l. Is u composite?
False
Suppose 6*o - 4*o + 2*y = 3660, 2*o + 4*y = 3654. Let u = -434 + o. Is u composite?
False
Suppose 16 + 6 = g - 5*b, 3*g - b = 10. Suppose 4*m - 3115 = f, -2*m + f + 1555 = -0*f. Suppose t - g*i 